{"id":1433,"date":"2017-11-21T21:55:39","date_gmt":"2017-11-21T18:55:39","guid":{"rendered":"https:\/\/plurifor.iefc.net\/soil-degradation\/"},"modified":"2019-07-31T17:19:13","modified_gmt":"2019-07-31T14:19:13","slug":"degradation-du-sol","status":"publish","type":"page","link":"https:\/\/plurifor.iefc.net\/fr\/degradation-du-sol\/","title":{"rendered":"D\u00e9gradation du sol"},"content":{"rendered":"<div class=\"fusion-fullwidth fullwidth-box fusion-builder-row-1 nonhundred-percent-fullwidth non-hundred-percent-height-scrolling\" style=\"--awb-border-radius-top-left:0px;--awb-border-radius-top-right:0px;--awb-border-radius-bottom-right:0px;--awb-border-radius-bottom-left:0px;--awb-flex-wrap:wrap;\" ><div class=\"fusion-builder-row fusion-row\"><div class=\"fusion-layout-column fusion_builder_column fusion-builder-column-0 fusion_builder_column_1_1 1_1 fusion-one-full fusion-column-first fusion-column-last\" style=\"--awb-bg-size:cover;--awb-margin-bottom:0px;\"><div class=\"fusion-column-wrapper fusion-flex-column-wrapper-legacy\"><div class=\"fusion-text fusion-text-1\"><\/div><div class=\"fusion-text fusion-text-2\"><p><img decoding=\"async\" class=\"size-thumbnail wp-image-1109 alignleft\" src=\"https:\/\/plurifor.iefc.net\/wp-content\/uploads\/2017\/11\/degradacion_del_suelo_min-150x150.jpg\" alt=\"\" width=\"150\" height=\"150\" \/><\/p>\n<p>Les for\u00eats jouent un r\u00f4le important dans la protection du sol et de l&#8217;eau. La d\u00e9gradation des sols est principalement caus\u00e9e par une utilisation non durable des terres.\u00a0Dans les for\u00eats cultiv\u00e9es, le compaction du sol, l&#8217;\u00e9rosion et l&#8217;amincissement de l&#8217;horizon organique sont souvent observ\u00e9s suite \u00e0 la d\u00e9gradation des sols. Optimiser la m\u00e9thode de gestion foresti\u00e8re permettrait de r\u00e9duire substantiellement ces impacts n\u00e9gatifs.<\/p>\n<\/div><div class=\"fusion-sep-clear\"><\/div><div class=\"fusion-separator fusion-full-width-sep\" style=\"margin-left: auto;margin-right: auto;width:100%;\"><div class=\"fusion-separator-border sep-shadow\" style=\"--awb-height:20px;--awb-amount:20px;background:radial-gradient(ellipse at 50% -50% , #e0dede 0px, rgba(255, 255, 255, 0) 80%) repeat scroll 0 0 rgba(0, 0, 0, 0);background:-webkit-radial-gradient(ellipse at 50% -50% , #e0dede 0px, rgba(255, 255, 255, 0) 80%) repeat scroll 0 0 rgba(0, 0, 0, 0);background:-moz-radial-gradient(ellipse at 50% -50% , #e0dede 0px, rgba(255, 255, 255, 0) 80%) repeat scroll 0 0 rgba(0, 0, 0, 0);background:-o-radial-gradient(ellipse at 50% -50% , #e0dede 0px, rgba(255, 255, 255, 0) 80%) repeat scroll 0 0 rgba(0, 0, 0, 0);\"><\/div><\/div><div class=\"fusion-sep-clear\"><\/div><div class=\"fusion-clearfix\"><\/div><\/div><\/div><div class=\"fusion-layout-column fusion_builder_column fusion-builder-column-1 fusion_builder_column_1_1 1_1 fusion-one-full fusion-column-first fusion-column-last\" style=\"--awb-bg-size:cover;--awb-margin-bottom:0px;\"><div class=\"fusion-column-wrapper fusion-flex-column-wrapper-legacy\"><div class=\"fusion-text fusion-text-3\"><h2 style=\"font-size: 28px;\">Plans de gestion des risques et outils<\/h2>\n<\/div><div class=\"fusion-text fusion-text-4\"><p><a href=\"https:\/\/plurifor.iefc.net\/wp-content\/uploads\/WP4\/E411_soil-degradation.pdf\">Plan de gestion sur le risque de d\u00e9gradation des sols V2 (ES)<\/a><\/p>\n<p><a href=\"https:\/\/plurifor.iefc.net\/wp-content\/uploads\/WP2\/plans\/Soil-degradation-plan_ES.pdf\">Plan de gestion sur le risque de d\u00e9gradation des sols V1 (ES)<\/a><\/p>\n<p><a href=\"https:\/\/plurifor.iefc.net\/fr\/outils-de-gestion-de-degradation-de-sol\/\">Outils<\/a><\/p>\n<\/div><div class=\"fusion-sep-clear\"><\/div><div class=\"fusion-separator fusion-full-width-sep\" style=\"margin-left: auto;margin-right: auto;width:100%;\"><div class=\"fusion-separator-border sep-shadow\" style=\"--awb-height:20px;--awb-amount:20px;background:radial-gradient(ellipse at 50% -50% , #e0dede 0px, rgba(255, 255, 255, 0) 80%) repeat scroll 0 0 rgba(0, 0, 0, 0);background:-webkit-radial-gradient(ellipse at 50% -50% , #e0dede 0px, rgba(255, 255, 255, 0) 80%) repeat scroll 0 0 rgba(0, 0, 0, 0);background:-moz-radial-gradient(ellipse at 50% -50% , #e0dede 0px, rgba(255, 255, 255, 0) 80%) repeat scroll 0 0 rgba(0, 0, 0, 0);background:-o-radial-gradient(ellipse at 50% -50% , #e0dede 0px, rgba(255, 255, 255, 0) 80%) repeat scroll 0 0 rgba(0, 0, 0, 0);\"><\/div><\/div><div class=\"fusion-sep-clear\"><\/div><div class=\"fusion-clearfix\"><\/div><\/div><\/div><div class=\"fusion-layout-column fusion_builder_column fusion-builder-column-2 fusion_builder_column_1_1 1_1 fusion-one-full fusion-column-first fusion-column-last\" style=\"--awb-bg-size:cover;--awb-margin-bottom:0px;\"><div class=\"fusion-column-wrapper fusion-flex-column-wrapper-legacy\"><div class=\"fusion-text fusion-text-5\"><h2 style=\"font-size: 28px;\">Atelier sur le risque de d\u00e9gradation des sols 3:\u00a0<em>Diffusion du plan de gestion<\/em><\/h2>\n<\/div><div class=\"fusion-text fusion-text-6\"><p>17 June 2019 \u00e0 Ond\u00e1rroa (Espagne)<\/p>\n<p><a title=\"Minutes of the soil degradation workshop\" href=\"https:\/\/plurifor.iefc.net\/wp-content\/uploads\/WP4\/E421_soil.pdf\">Proc\u00e8s-verbal<\/a>\u00a0(ES)<\/p>\n<p>27 May 2019 \u00e0 Arkaute (Espagne)<\/p>\n<p><a title=\"Minutes of the soil degradation workshop\" href=\"https:\/\/plurifor.iefc.net\/wp-content\/uploads\/WP4\/E431_soil.pdf\">Proc\u00e8s-verbal<\/a>\u00a0(ES)<\/p>\n<\/div><div class=\"fusion-text fusion-text-7\"><h2 style=\"font-size: 28px;\">Atelier sur le risque de d\u00e9gradation des sols 2:\u00a0<em>Evaluation du plan de gestion<\/em><\/h2>\n<\/div><div class=\"fusion-text fusion-text-8\"><p>3 &#8211; 4 Decembre 2018 \u00e0 \u00d3bidos (Portugal)<\/p>\n<p><a title=\"Minutes of the soil degradation workshop\" href=\"https:\/\/plurifor.iefc.net\/wp-content\/uploads\/WP3\/Deliv321_322_soil-degradation.pdf\">Proc\u00e8s-verbal<\/a> (EN)<\/p>\n<p><a href=\"https:\/\/plurifor.iefc.net\/wp-content\/uploads\/WP3\/Deliv321_soil-degradation.xlsx\">Evaluation \u00e9conomique du plan<\/a><\/p>\n<\/div><div class=\"fusion-text fusion-text-9\"><h2 style=\"font-size: 28px;\">Atelier sur le risque de d\u00e9gradation des sols 1: <em>Guide pratique pour l&#8217;\u00e9laboration de plans de gestion de risque de d\u00e9gradation des sols en foresterie<\/em><\/h2>\n<\/div><div class=\"fusion-text fusion-text-10\"><p>28 Juin 2017 \u00e0 Plasence (Espagne)<\/p>\n<p><a title=\"Minutes of the soil degradation workshop\" href=\"https:\/\/plurifor.iefc.net\/wp-content\/uploads\/WP2\/2.1.1\/Soil\/Soil-degradation-workshop-minutes.pdf\">Proc\u00e8s-verbal<\/a><\/p>\n<p><a href=\"https:\/\/plurifor.iefc.net\/fr\/blog\/soil-degradation-presentations\/\">Pr\u00e9sentations<\/a><\/p>\n<\/div><div class=\"fusion-sep-clear\"><\/div><div class=\"fusion-separator fusion-full-width-sep\" style=\"margin-left: auto;margin-right: auto;width:100%;\"><div class=\"fusion-separator-border sep-shadow\" style=\"--awb-height:20px;--awb-amount:20px;background:radial-gradient(ellipse at 50% -50% , #e0dede 0px, rgba(255, 255, 255, 0) 80%) repeat scroll 0 0 rgba(0, 0, 0, 0);background:-webkit-radial-gradient(ellipse at 50% -50% , #e0dede 0px, rgba(255, 255, 255, 0) 80%) repeat scroll 0 0 rgba(0, 0, 0, 0);background:-moz-radial-gradient(ellipse at 50% -50% , #e0dede 0px, rgba(255, 255, 255, 0) 80%) repeat scroll 0 0 rgba(0, 0, 0, 0);background:-o-radial-gradient(ellipse at 50% -50% , #e0dede 0px, rgba(255, 255, 255, 0) 80%) repeat scroll 0 0 rgba(0, 0, 0, 0);\"><\/div><\/div><div class=\"fusion-sep-clear\"><\/div><div class=\"fusion-clearfix\"><\/div><\/div><\/div><div class=\"fusion-layout-column fusion_builder_column fusion-builder-column-3 fusion_builder_column_1_1 1_1 fusion-one-full fusion-column-first fusion-column-last\" style=\"--awb-bg-size:cover;--awb-margin-bottom:0px;\"><div class=\"fusion-column-wrapper fusion-flex-column-wrapper-legacy\"><div class=\"fusion-text fusion-text-11\"><h2 style=\"font-size: 28px;\">Livrables<\/h2>\n<\/div><div class=\"fusion-text fusion-text-12\"><h3>Rapports r\u00e9gionaux<\/h3>\n<p>Rapports de gestion de risque d\u00e9gradation du sol dans les r\u00e9gions cibles au d\u00e9but du projet, en 2016:<\/p>\n<ul>\n<li><a title=\"Forest risk management in Asturias (2016)\" href=\"https:\/\/plurifor.iefc.net\/wp-content\/uploads\/WP1\/1.2.1\/Asturias\/WP1_Asturias.pdf\">Gestion du risque forestier en Asturies (2016)<\/a>\u00a0(ES)<\/li>\n<li><a title=\"Forest risk management in Galicia (2016)\" href=\"https:\/\/plurifor.iefc.net\/wp-content\/uploads\/WP1\/1.2.1\/Galicia\/WP1_Galicia.pdf\">Gestion du risque forestier en Galicie (2016)<\/a>\u00a0(ES)<\/li>\n<li><a title=\"Forest risk management in Galicia (2016)\" href=\"https:\/\/plurifor.iefc.net\/wp-content\/uploads\/WP1\/1.2.1\/Euskadi\/WP1_Euskadi.pdf\">Gestion du risque forestier en pays basque (2016)<\/a>\u00a0(ES)<\/li>\n<li><a title=\"Forest risk management in Portugal (2016)\" href=\"https:\/\/plurifor.iefc.net\/wp-content\/uploads\/WP1\/1.2.1\/Portugal\/WP1_Portugal.pdf\">Gestion du risque forestier au Portugal (2016)<\/a> (PT)<\/li>\n<\/ul>\n<h3>Rapport de synth\u00e8se<\/h3>\n<p>Rapport de gestion de huit risques dans les r\u00e9gions cibles au d\u00e9but du projet, en 2016:<\/p>\n<ul>\n<li><a title=\"Summary report: risk management before the PLURIFOR project (2016)\" href=\"https:\/\/plurifor.iefc.net\/wp-content\/uploads\/WP1\/1.2.2\/WP1-Summary-report-FINAL.pdf\">Rapport de synth\u00e8se (2016)<\/a> (EN)<\/li>\n<\/ul>\n<\/div><div class=\"fusion-sep-clear\"><\/div><div class=\"fusion-separator fusion-full-width-sep\" style=\"margin-left: auto;margin-right: auto;width:100%;\"><div class=\"fusion-separator-border sep-shadow\" style=\"--awb-height:20px;--awb-amount:20px;background:radial-gradient(ellipse at 50% -50% , #e0dede 0px, rgba(255, 255, 255, 0) 80%) repeat scroll 0 0 rgba(0, 0, 0, 0);background:-webkit-radial-gradient(ellipse at 50% -50% , #e0dede 0px, rgba(255, 255, 255, 0) 80%) repeat scroll 0 0 rgba(0, 0, 0, 0);background:-moz-radial-gradient(ellipse at 50% -50% , #e0dede 0px, rgba(255, 255, 255, 0) 80%) repeat scroll 0 0 rgba(0, 0, 0, 0);background:-o-radial-gradient(ellipse at 50% -50% , #e0dede 0px, rgba(255, 255, 255, 0) 80%) repeat scroll 0 0 rgba(0, 0, 0, 0);\"><\/div><\/div><div class=\"fusion-sep-clear\"><\/div><div class=\"fusion-clearfix\"><\/div><\/div><\/div><div class=\"fusion-layout-column fusion_builder_column fusion-builder-column-4 fusion_builder_column_1_1 1_1 fusion-one-full fusion-column-first fusion-column-last\" style=\"--awb-bg-size:cover;--awb-margin-bottom:0px;\"><div class=\"fusion-column-wrapper fusion-flex-column-wrapper-legacy\"><div class=\"fusion-text fusion-text-13\"><h2 style=\"font-size: 28px;\">Contacts<\/h2>\n<\/div><div class=\"fusion-text fusion-text-14\"><ul>\n<li><strong>Pays Basque<\/strong>: Ander Arias (NEIKER) &#8211;\u00a0agonzalez @ neiker.eus &#8211; coordonnateur<\/li>\n<li><strong>Asturies<\/strong>: Elena Canga (CETEMAS) &#8211; ecanga @ cetemas.es<\/li>\n<li><strong>Galice<\/strong>: Cristina Fern\u00e1ndez (CIF\/INGACAL) &#8211;\u00a0cffilgueira @ gmail.com<\/li>\n<li><strong>Portugal<\/strong>: Manuel Madeira (ISA) &#8211; mavmadeira @ isa.ulisboa.pt<\/li>\n<\/ul>\n<\/div><div class=\"fusion-clearfix\"><\/div><\/div><\/div><\/div><\/div>\n","protected":false},"excerpt":{"rendered":"","protected":false},"author":3,"featured_media":0,"parent":0,"menu_order":0,"comment_status":"closed","ping_status":"closed","template":"","meta":[],"_links":{"self":[{"href":"https:\/\/plurifor.iefc.net\/fr\/wp-json\/wp\/v2\/pages\/1433"}],"collection":[{"href":"https:\/\/plurifor.iefc.net\/fr\/wp-json\/wp\/v2\/pages"}],"about":[{"href":"https:\/\/plurifor.iefc.net\/fr\/wp-json\/wp\/v2\/types\/page"}],"author":[{"embeddable":true,"href":"https:\/\/plurifor.iefc.net\/fr\/wp-json\/wp\/v2\/users\/3"}],"replies":[{"embeddable":true,"href":"https:\/\/plurifor.iefc.net\/fr\/wp-json\/wp\/v2\/comments?post=1433"}],"version-history":[{"count":121,"href":"https:\/\/plurifor.iefc.net\/fr\/wp-json\/wp\/v2\/pages\/1433\/revisions"}],"predecessor-version":[{"id":7747,"href":"https:\/\/plurifor.iefc.net\/fr\/wp-json\/wp\/v2\/pages\/1433\/revisions\/7747"}],"wp:attachment":[{"href":"https:\/\/plurifor.iefc.net\/fr\/wp-json\/wp\/v2\/media?parent=1433"}],"curies":[{"name":"wp","href":"https:\/\/api.w.org\/{rel}","templated":true}]}}

Dégradation du sol

<div class="fusion-fullwidth fullwidth-box fusion-builder-row-1 nonhundred-percent-fullwidth non-hundred-percent-height-scrolling" style="--awb-border-radius-top-left:0px;--awb-border-radius-top-right:0px;--awb-border-radius-bottom-right:0px;--awb-border-radius-bottom-left:0px;--awb-flex-wrap:wrap;" ><div class="fusion-builder-row fusion-row"><div class="fusion-layout-column fusion_builder_column fusion-builder-column-0 fusion_builder_column_1_1 1_1 fusion-one-full fusion-column-first fusion-column-last" style="--awb-bg-size:cover;--awb-margin-bottom:0px;"><div class="fusion-column-wrapper fusion-flex-column-wrapper-legacy"><div class="fusion-text fusion-text-1"></div><div class="fusion-text fusion-text-2"><p><img decoding="async" class="size-thumbnail wp-image-1109 alignleft" src="https://plurifor.iefc.net/wp-content/uploads/2017/11/degradacion_del_suelo_min-150x150.jpg" alt="" width="150" height="150" /></p>
<p>Les forêts jouent un rôle important dans la protection du sol et de l&#8217;eau. La dégradation des sols est principalement causée par une utilisation non durable des terres. Dans les forêts cultivées, le compaction du sol, l&#8217;érosion et l&#8217;amincissement de l&#8217;horizon organique sont souvent observés suite à la dégradation des sols. Optimiser la méthode de gestion forestière permettrait de réduire substantiellement ces impacts négatifs.</p>
</div><div class="fusion-sep-clear"></div><div class="fusion-separator fusion-full-width-sep" style="margin-left: auto;margin-right: auto;width:100%;"><div class="fusion-separator-border sep-shadow" style="--awb-height:20px;--awb-amount:20px;background:radial-gradient(ellipse at 50% -50% , #e0dede 0px, rgba(255, 255, 255, 0) 80%) repeat scroll 0 0 rgba(0, 0, 0, 0);background:-webkit-radial-gradient(ellipse at 50% -50% , #e0dede 0px, rgba(255, 255, 255, 0) 80%) repeat scroll 0 0 rgba(0, 0, 0, 0);background:-moz-radial-gradient(ellipse at 50% -50% , #e0dede 0px, rgba(255, 255, 255, 0) 80%) repeat scroll 0 0 rgba(0, 0, 0, 0);background:-o-radial-gradient(ellipse at 50% -50% , #e0dede 0px, rgba(255, 255, 255, 0) 80%) repeat scroll 0 0 rgba(0, 0, 0, 0);"></div></div><div class="fusion-sep-clear"></div><div class="fusion-clearfix"></div></div></div><div class="fusion-layout-column fusion_builder_column fusion-builder-column-1 fusion_builder_column_1_1 1_1 fusion-one-full fusion-column-first fusion-column-last" style="--awb-bg-size:cover;--awb-margin-bottom:0px;"><div class="fusion-column-wrapper fusion-flex-column-wrapper-legacy"><div class="fusion-text fusion-text-3"><h2 style="font-size: 28px;">Plans de gestion des risques et outils</h2>
</div><div class="fusion-text fusion-text-4"><p><a href="https://plurifor.iefc.net/wp-content/uploads/WP4/E411_soil-degradation.pdf">Plan de gestion sur le risque de dégradation des sols V2 (ES)</a></p>
<p><a href="https://plurifor.iefc.net/wp-content/uploads/WP2/plans/Soil-degradation-plan_ES.pdf">Plan de gestion sur le risque de dégradation des sols V1 (ES)</a></p>
<p><a href="https://plurifor.iefc.net/fr/outils-de-gestion-de-degradation-de-sol/">Outils</a></p>
</div><div class="fusion-sep-clear"></div><div class="fusion-separator fusion-full-width-sep" style="margin-left: auto;margin-right: auto;width:100%;"><div class="fusion-separator-border sep-shadow" style="--awb-height:20px;--awb-amount:20px;background:radial-gradient(ellipse at 50% -50% , #e0dede 0px, rgba(255, 255, 255, 0) 80%) repeat scroll 0 0 rgba(0, 0, 0, 0);background:-webkit-radial-gradient(ellipse at 50% -50% , #e0dede 0px, rgba(255, 255, 255, 0) 80%) repeat scroll 0 0 rgba(0, 0, 0, 0);background:-moz-radial-gradient(ellipse at 50% -50% , #e0dede 0px, rgba(255, 255, 255, 0) 80%) repeat scroll 0 0 rgba(0, 0, 0, 0);background:-o-radial-gradient(ellipse at 50% -50% , #e0dede 0px, rgba(255, 255, 255, 0) 80%) repeat scroll 0 0 rgba(0, 0, 0, 0);"></div></div><div class="fusion-sep-clear"></div><div class="fusion-clearfix"></div></div></div><div class="fusion-layout-column fusion_builder_column fusion-builder-column-2 fusion_builder_column_1_1 1_1 fusion-one-full fusion-column-first fusion-column-last" style="--awb-bg-size:cover;--awb-margin-bottom:0px;"><div class="fusion-column-wrapper fusion-flex-column-wrapper-legacy"><div class="fusion-text fusion-text-5"><h2 style="font-size: 28px;">Atelier sur le risque de dégradation des sols 3: <em>Diffusion du plan de gestion</em></h2>
</div><div class="fusion-text fusion-text-6"><p>17 June 2019 à Ondárroa (Espagne)</p>
<p><a title="Minutes of the soil degradation workshop" href="https://plurifor.iefc.net/wp-content/uploads/WP4/E421_soil.pdf">Procès-verbal</a> (ES)</p>
<p>27 May 2019 à Arkaute (Espagne)</p>
<p><a title="Minutes of the soil degradation workshop" href="https://plurifor.iefc.net/wp-content/uploads/WP4/E431_soil.pdf">Procès-verbal</a> (ES)</p>
</div><div class="fusion-text fusion-text-7"><h2 style="font-size: 28px;">Atelier sur le risque de dégradation des sols 2: <em>Evaluation du plan de gestion</em></h2>
</div><div class="fusion-text fusion-text-8"><p>3 &#8211; 4 Decembre 2018 à Óbidos (Portugal)</p>
<p><a title="Minutes of the soil degradation workshop" href="https://plurifor.iefc.net/wp-content/uploads/WP3/Deliv321_322_soil-degradation.pdf">Procès-verbal</a> (EN)</p>
<p><a href="https://plurifor.iefc.net/wp-content/uploads/WP3/Deliv321_soil-degradation.xlsx">Evaluation économique du plan</a></p>
</div><div class="fusion-text fusion-text-9"><h2 style="font-size: 28px;">Atelier sur le risque de dégradation des sols 1: <em>Guide pratique pour l&#8217;élaboration de plans de gestion de risque de dégradation des sols en foresterie</em></h2>
</div><div class="fusion-text fusion-text-10"><p>28 Juin 2017 à Plasence (Espagne)</p>
<p><a title="Minutes of the soil degradation workshop" href="https://plurifor.iefc.net/wp-content/uploads/WP2/2.1.1/Soil/Soil-degradation-workshop-minutes.pdf">Procès-verbal</a></p>
<p><a href="https://plurifor.iefc.net/fr/blog/soil-degradation-presentations/">Présentations</a></p>
</div><div class="fusion-sep-clear"></div><div class="fusion-separator fusion-full-width-sep" style="margin-left: auto;margin-right: auto;width:100%;"><div class="fusion-separator-border sep-shadow" style="--awb-height:20px;--awb-amount:20px;background:radial-gradient(ellipse at 50% -50% , #e0dede 0px, rgba(255, 255, 255, 0) 80%) repeat scroll 0 0 rgba(0, 0, 0, 0);background:-webkit-radial-gradient(ellipse at 50% -50% , #e0dede 0px, rgba(255, 255, 255, 0) 80%) repeat scroll 0 0 rgba(0, 0, 0, 0);background:-moz-radial-gradient(ellipse at 50% -50% , #e0dede 0px, rgba(255, 255, 255, 0) 80%) repeat scroll 0 0 rgba(0, 0, 0, 0);background:-o-radial-gradient(ellipse at 50% -50% , #e0dede 0px, rgba(255, 255, 255, 0) 80%) repeat scroll 0 0 rgba(0, 0, 0, 0);"></div></div><div class="fusion-sep-clear"></div><div class="fusion-clearfix"></div></div></div><div class="fusion-layout-column fusion_builder_column fusion-builder-column-3 fusion_builder_column_1_1 1_1 fusion-one-full fusion-column-first fusion-column-last" style="--awb-bg-size:cover;--awb-margin-bottom:0px;"><div class="fusion-column-wrapper fusion-flex-column-wrapper-legacy"><div class="fusion-text fusion-text-11"><h2 style="font-size: 28px;">Livrables</h2>
</div><div class="fusion-text fusion-text-12"><h3>Rapports régionaux</h3>
<p>Rapports de gestion de risque dégradation du sol dans les régions cibles au début du projet, en 2016:</p>
<ul>
<li><a title="Forest risk management in Asturias (2016)" href="https://plurifor.iefc.net/wp-content/uploads/WP1/1.2.1/Asturias/WP1_Asturias.pdf">Gestion du risque forestier en Asturies (2016)</a> (ES)</li>
<li><a title="Forest risk management in Galicia (2016)" href="https://plurifor.iefc.net/wp-content/uploads/WP1/1.2.1/Galicia/WP1_Galicia.pdf">Gestion du risque forestier en Galicie (2016)</a> (ES)</li>
<li><a title="Forest risk management in Galicia (2016)" href="https://plurifor.iefc.net/wp-content/uploads/WP1/1.2.1/Euskadi/WP1_Euskadi.pdf">Gestion du risque forestier en pays basque (2016)</a> (ES)</li>
<li><a title="Forest risk management in Portugal (2016)" href="https://plurifor.iefc.net/wp-content/uploads/WP1/1.2.1/Portugal/WP1_Portugal.pdf">Gestion du risque forestier au Portugal (2016)</a> (PT)</li>
</ul>
<h3>Rapport de synthèse</h3>
<p>Rapport de gestion de huit risques dans les régions cibles au début du projet, en 2016:</p>
<ul>
<li><a title="Summary report: risk management before the PLURIFOR project (2016)" href="https://plurifor.iefc.net/wp-content/uploads/WP1/1.2.2/WP1-Summary-report-FINAL.pdf">Rapport de synthèse (2016)</a> (EN)</li>
</ul>
</div><div class="fusion-sep-clear"></div><div class="fusion-separator fusion-full-width-sep" style="margin-left: auto;margin-right: auto;width:100%;"><div class="fusion-separator-border sep-shadow" style="--awb-height:20px;--awb-amount:20px;background:radial-gradient(ellipse at 50% -50% , #e0dede 0px, rgba(255, 255, 255, 0) 80%) repeat scroll 0 0 rgba(0, 0, 0, 0);background:-webkit-radial-gradient(ellipse at 50% -50% , #e0dede 0px, rgba(255, 255, 255, 0) 80%) repeat scroll 0 0 rgba(0, 0, 0, 0);background:-moz-radial-gradient(ellipse at 50% -50% , #e0dede 0px, rgba(255, 255, 255, 0) 80%) repeat scroll 0 0 rgba(0, 0, 0, 0);background:-o-radial-gradient(ellipse at 50% -50% , #e0dede 0px, rgba(255, 255, 255, 0) 80%) repeat scroll 0 0 rgba(0, 0, 0, 0);"></div></div><div class="fusion-sep-clear"></div><div class="fusion-clearfix"></div></div></div><div class="fusion-layout-column fusion_builder_column fusion-builder-column-4 fusion_builder_column_1_1 1_1 fusion-one-full fusion-column-first fusion-column-last" style="--awb-bg-size:cover;--awb-margin-bottom:0px;"><div class="fusion-column-wrapper fusion-flex-column-wrapper-legacy"><div class="fusion-text fusion-text-13"><h2 style="font-size: 28px;">Contacts</h2>
</div><div class="fusion-text fusion-text-14"><ul>
<li><strong>Pays Basque</strong>: Ander Arias (NEIKER) &#8211; agonzalez @ neiker.eus &#8211; coordonnateur</li>
<li><strong>Asturies</strong>: Elena Canga (CETEMAS) &#8211; ecanga @ cetemas.es</li>
<li><strong>Galice</strong>: Cristina Fernández (CIF/INGACAL) &#8211; cffilgueira @ gmail.com</li>
<li><strong>Portugal</strong>: Manuel Madeira (ISA) &#8211; mavmadeira @ isa.ulisboa.pt</li>
</ul>
</div><div class="fusion-clearfix"></div></div></div></div></div>
